23. Is l composite?
False
Let f(w) = -30*w**3 - 7*w**2 - 3. Let m(k) = k + 4. Let q be m(-7). Let r be f(q). Let h = r - 265. Is h prime?
True
Let l = 15 + -12. Suppose 0 = -l*u + 15, -3*b + 494 = u - 489. Suppose j - b = -j. Is j a prime number?
True
Let m(j) = -2*j - 10. Let q = 8 - 16. Let x be m(q). Is (-873)/6*(-20)/x a prime number?
False
Suppose -3*o = 5*q - 2150, 5*q - 4 = 4*q. Suppose -5*t + 225 + o = 0. Is t prime?
False
Suppose 2890 = 13*z - 6353. Let b = 686 + z. Is b a prime number?
False
Suppose 4*u + 86 = -82. Is (8/28 - (-19346)/u)*-3 composite?
False
Suppose 5*w - 2240 = -0*w. Suppose 5*v - w = 827. Let o = 446 - v. Is o a composite number?
False
Let n(u) = u + 2. Suppose 0 = -4*o + 3*g + 2*g - 3, -3 = 3*g. Let l be n(o). Suppose -5*h = 3*r - 98, l*h + 3*h = 4*r + 82. Is h a composite number?
True
Let q(l) = -5*l**3 - 8*l**2 + 25*l - 11. Is q(-8) composite?
True
Suppose -123 = 5*m - 43. Is (-1169)/(-21) + 2 + m/6 a prime number?
False
Suppose 4*n - 29795 = -3*f - 0*f, 2*f - 19868 = -5*n. Suppose -64 = 5*g - f. Is g prime?
True
Suppose 0 = -2*s + 5*q - 3*q + 27586, 5*q = 0. Is s a prime number?
False
Let f(n) = n**3 + 2*n + 2503. Is f(0) composite?
False
Suppose 2*n - 4 = n. Let w be ((-2)/1)/(-5 + n). Suppose 5*s - 43 - 231 = -w*o, 3*o - 373 = 2*s. Is o a prime number?
True
Let d = -2 + -24. Let a = d + 217. Is a composite?
False
Let x(u) = 46*u**2 + 14*u + 13. Is x(12) a prime number?
False
Suppose j - 2 = -4*n + 65, 0 = 5*n + 5*j - 95. Let p(b) = 2*b**2 + 7*b - 1. Is p(n) a prime number?
False
Let w = 41 + 12. Is 12/6 - w/(-1) a composite number?
True
Is ((-259824)/32)/(3 + 21/(-6)) prime?
False
Is 3143 - 0/((-49)/7) a composite number?
True
Suppose 22367 + 9677 = -4*o. Let s = -5192 - o. Is s a prime number?
True
Suppose j - 2 = 0, 3*y + 1516 = -5*j + 13745. Is y composite?
False
Let s = 0 + -4. Let b = 6 + s. Is (-1130)/b*(0 - 1) composite?
True
Let f(q) = 341*q - 136. Is f(3) a composite number?
False
Suppose d + i + 53 = -3*d, 5*i = 15. Let j = d - -843. Is j prime?
True
Suppose 6*v - 4*v = -2*v. Suppose -5*i + 2*s + 1111 = -v*s, i + 2*s - 215 = 0. Is i prime?
False
Let v(u) = u**3 + u**2 + u + 3035. Is v(0) a composite number?
True
Let t(p) = -11*p**2 - 14*p + 41. Let j be t(-16). Is j/(-3) + (-6)/(-9) a composite number?
True
Suppose m - 1107 = -3*w, -m - 742 = -2*w - 3*m. Suppose 0 = 2*z - 2780 - w. Is z composite?
True
Let x(t) = t**2 - 18*t - 18. Suppose -2*b - 4*n = 10, -4*n + 71 - 15 = -4*b. Is x(b) prime?
False
Let g(h) be the third derivative of 41*h**4/24 + 11*h**3/6 - 4*h**2. Let p be g(8). Suppose 3*k = -c + k + p, 4*c - 3*k - 1367 = 0. Is c composite?
True
Suppose 0 = -3*r + 11010 + 7137. Let s = -3888 + r. Is s prime?
True
Let d(u) = 2*u - 8. Let a be 150/24 + (-1)/4. Let t be d(a). Suppose 0 = t*n + 7*v - 2*v - 2688, 0 = -n + v + 663. Is n prime?
False
Suppose -15*y + 13*y - 4*t + 15454 = 0, -5 = -t. Is y composite?
False
Let r(d) = -4*d**2 - 3*d**2 + 0 - 3*d**3 + 5 - d + 4. Is r(-10) prime?
False
Suppose 6*s = s - 4*g + 4, 0 = 4*s - 5*g + 5. Suppose s*v + 24 = 4*v. Is (330/9)/(4/v) prime?
False
Let o(j) = -j + 3. Let c be o(-13). Suppose c + 15 = -f. Let k = 180 + f. Is k composite?
False
Let v = 2066 - 333. Is v composite?
False
Let f = 16567 - -7098. Is f prime?
False
Is 3/1 + 15814*(-2 + 3) composite?
False
Let d = 13109 + -6111. Is d a composite number?
True
Let r(p) = 3*p**2 - 8*p - 9. Let h be r(-1). Suppose 4*b - 4031 = 3*m - h*m, 3*b - 4*m = 3007. Is b composite?
False
Suppose 7*s - 57785 = 67886. Is s prime?
False
Let v(g) = -g**2 - 97*g + 151. Is v(-45) composite?
True
Suppose -5*j = -240636 - 61829. Is j prime?
True
Let p be 120/18*(-7254)/15. Let z = -2083 - p. Is z a prime number?
False
Suppose -o - 2*o = 0. Let a(y) = -y**2 + 3. Let p be a(o). Suppose 3*d = -p*d + 1164. Is d prime?
False
Suppose 4*z = 455 + 93. Suppose -1059 = -j - z. Is j prime?
False
Let b(x) = 13*x**2 + 49*x + 97. Is b(-18) composite?
True
Let z be 5*((-4)/40*-5422 + 1). Suppose 54*n - z = 50*n. Is n a prime number?
False
Suppose 0*f + 2*f = 3*c - 12, 3*c + f = 3. Suppose 0 = 5*m + 2*d - 13, -5*m - 9 + c = -3*d. Suppose g + m = 128. Is g a composite number?
False
Let f = 29 + -25. Let w be f/(-3)*24/(-16). Suppose q = -w*a + 153, 2*q - 3*q + 4*a = -141. Is q a prime number?
True
Let h(p) = 7*p - 55. Let m be h(16). Suppose 0 = 64*d - m*d - 2667. Is d prime?
False
Let b = 50 - -18. Suppose 0 = 69*d - b*d - 1507. Is d a composite number?
True
Suppose -3*a = 3*h - 222, 2*h - 37 - 101 = 3*a. Suppose 3*k = 5*d - 120, -4*k - 82 = 5*d + 43. Let r = h + k. Is r a composite number?
False
Let l be (-2)/4 - (-75)/30. Let t(z) = z**3 - z**2 + z + 802. Let b be t(0). Suppose -2*h + b = l*v, 2*v = -4*h + 777 + 33. Is v composite?
False
Let m(h) = h**3 + 6*h**2 + 4*h - 7. Let u be m(-5). Is ((-5)/(-10))/(u/(-3532)) composite?
False
Let h(y) = -81*y**3 - y**2 - 2*y - 1. Let j be h(-1). Suppose 7*l = 2*l - o + 155, -j = -3*l - 3*o. Let s = l - -1. Is s composite?
True
Suppose -23192 = -4*n + 4*b + 74676, 5*n + 3*b - 122351 = 0. Is n a prime number?
True
Let y(q) be the third derivative of -95*q**4/4 + 11*q**3/6 - 11*q**2. Is y(-2) composite?
False
Suppose -284 + 1700 = 4*z. Let a = 17 + z. Is a a composite number?
True
Let n = 168 + -103. Suppose 4 + n = b + 5*u, 0 = 5*u. Let c = b + 14. Is c composite?
False
Suppose 22 = 5*q + 5*m - 3, 3*m = q + 3. Suppose 0*o - 14377 = -4*r - q*o, 5*r - 5*o = 17980. Is r prime?
False
Let y be (420/(-45))/((-4)/6). Let t(q) = 7*q - 47. Is t(y) a prime number?
False
Suppose -5*p = -f - 13885, 3*p + 2777 = 4*p + 2*f. Is p a composite number?
False
Suppose -3*k + 0*g = 3*g - 3, 0 = k + 2*g - 4. Let n be (2/(-5))/(k/970). Suppose 4*a = 2*a + n. Is a composite?
False
Suppose -o + 0*o - 5*h = 482, -3*h - 472 = o. Let n = 234 - o. Is n composite?
False
Suppose -5 - 11 = -4*o. Suppose 6 = g - o*x + 34, 0 = 3*g - 4*x + 108. Is 2/(-6) + g/(-12) a prime number?
True
Let n be ((-202)/3)/((-2)/183). Suppose -5*d + 644 = -n. Is d a composite number?
False
Let k be 4/(1 - (-1428)/(-1436)). Let z = k - 455. Is z a prime number?
True
Let n(q) = q**2 + 4*q - 7. Let b be n(-5). Is 5*(3 + (-152)/b) a composite number?
True
Let t be 64/24*(-3)/(-2). Let n be (-1 - 4)*8/(-10). Suppose n*s + s - 441 = -b, 73 = s + t*b. Is s composite?
False
Let r = 3336 - 2159. Let s = 2834 - r. Is s a prime number?
True
Let d be (-6)/(-10) + (-168)/(-70). Suppose 0 = -d*b - 2*i + 1142, b = -2*b + 4*i + 1154. Is b composite?
True
Suppose 5*i = i. Is -14*(i - 167/2) a prime number?
False
Let f(k) be the third derivative of -2*k**4 + 25*k**3/6 + 7*k**2. Is f(-5) prime?
False
Suppose -4*j - 5*v = 37, 2*j + 2 + 19 = -3*v. Let n(y) = 28*y**2 + 2*y + 13. Is n(j) a composite number?
True
Let l be -247*2 - (-8)/2. Let x = 49 - 96. Let m = x - l. Is m a composite number?
False
Is (6/2 + 1366)/(0 - -1) composite?
True
Let x(i) = -5 + 3*i**3 + 3*i**2 + 2*i - 6*i**3 + 8. Let j be (0 - 2 - -3) + -3. Is x(j) a prime number?
False
Let h be 43410/35 - 6/21. Let q = h - -292. Suppose 2*l = q - 270. Is l a composite number?
False
Let n(s) = s**3 - 16*s**2 + 4*s + 25. Let g(t) = -2*t**3 - 15*t**2 + 7*t + 12. Let v be g(-8). Suppose 2*f - 18 = 2*h + v, h = -f + 15. Is n(f) prime?
False
Let n = 355 - 194. Let l = 267 - n. Is l a composite number?
True
Let o(y) = 314*y - 23. Let q be 88/14 - 0 - (-28)/(-98). Is o(q) a composite number?
False
Is 6139/1*(4/2 + -1) composite?
True
Let k(a) = -16*a**3 - 10*a**2 - a - 1. Let l(i) = -i**3 + i**2 + i + 1. Let r(o) = -k(o) - 4*l(o). Is r(4) prime?
True
Suppose -3*r + 79771 = 2*c, 2*r + 4*c + 12366 - 65552 = 0. Is r composite?
True
Let i(d) = 33*d**2 + d - 18. Let j be i(-5). Let q = j + -49. Is q a composite number?
True
Let n be (-9)/6 - 5/10. Let k be 92/5*(-5)/n. Suppose -z - z = -k. Is z a composite number?
False
Let t(v) be the third derivative of 41*v**6/40 + v**5/10 + v**3/3 - 26*v**2. Is t(3) a prime number?
False
Let h(o) = -14 - o + 14. Let n(u) = -5*u + 95. Let i(b) = -4*h(b) + n(b). Is i(0) a composite number?
True
Let k = -449 - -262. Suppose p = -2*p. Let h = p - k. Is h a prime number?
False
Let d(c) = -1220*c + 31. Suppose -4*f - 24 = 4*a, -f + 0*a + 3 = -2*a. Is d(f) a composite number?
False
Let s be